{"id":2,"date":"2021-04-13T16:23:46","date_gmt":"2021-04-13T16:23:46","guid":{"rendered":"http:\/\/krankentransport-berlin.org\/?page_id=2"},"modified":"2024-01-31T14:15:24","modified_gmt":"2024-01-31T14:15:24","slug":"krankentransport","status":"publish","type":"page","link":"https:\/\/krankentransport-berlin.org\/","title":{"rendered":"Krankenfahrten oder Krankentransport mit dem Taxi"},"content":{"rendered":"\n<div class=\"wp-block-columns is-layout-flex wp-container-core-columns-is-layout-9d6595d7 wp-block-columns-is-layout-flex\">\n<div class=\"wp-block-column is-layout-flow wp-block-column-is-layout-flow\">\n<figure class=\"wp-block-image size-full\"><img loading=\"lazy\" decoding=\"async\" width=\"570\" height=\"821\" src=\"https:\/\/krankentransport-berlin.org\/wp-content\/uploads\/2024\/01\/verordnung.webp\" alt=\"\" class=\"wp-image-403\" srcset=\"https:\/\/krankentransport-berlin.org\/wp-content\/uploads\/2024\/01\/verordnung.webp 570w, https:\/\/krankentransport-berlin.org\/wp-content\/uploads\/2024\/01\/verordnung-208x300.webp 208w\" sizes=\"auto, (max-width: 570px) 100vw, 570px\" \/><\/figure>\n<\/div>\n\n\n\n<div class=\"wp-block-column is-layout-flow wp-block-column-is-layout-flow\">\n<p>Sie suchen ein Taxi f\u00fcr Krankenfahrt? Ihre Krankenkasse \u00fcbernimmt die Kosten? Wir beraten Sie gerne und schicken Ihnen das passende Taxi.<\/p>\n\n\n\n<p>Wir sind f\u00fcr sie da, wenn Sie aus medizinischen Gr\u00fcnden auf ein Taxi angewiesen sind.<\/p>\n\n\n\n<p>Krankenkassen \u00fcbernehmen nur Fahrtkosten f\u00fcr Krankenbef\u00f6rderungen, die medizinisch notwendig sind. <\/p>\n\n\n\n<p>Ob Einzel- oder Serienfahrten zur Dialyse, Strahlentherapie oder Chemotherapie, wir bringen unsere Sie sicher und f\u00fcrsorglich hin und fahren Sie wieder nach Hause.<\/p>\n\n\n\n<ul class=\"wp-block-list\">\n<li>Wir ben\u00f6tigen die Verordnung einer Krankenbef\u00f6rderung von Ihrem behandelnden Arzt.<\/li>\n\n\n\n<li>Bei Kosten\u00fcbernahme durch Ihre Krankenkasse, rechnen wir die Fahrten direkt mit Ihrer Krankenkasse ab.<\/li>\n<\/ul>\n<\/div>\n<\/div>\n","protected":false},"excerpt":{"rendered":"<p>Sie suchen ein Taxi f\u00fcr Krankenfahrt? Ihre Krankenkasse \u00fcbernimmt die Kosten? Wir beraten Sie gerne und schicken Ihnen das passende Taxi. Wir sind f\u00fcr sie da, wenn Sie aus medizinischen Gr\u00fcnden auf ein Taxi angewiesen sind. Krankenkassen \u00fcbernehmen nur Fahrtkosten f\u00fcr Krankenbef\u00f6rderungen, die medizinisch notwendig sind. Ob Einzel- oder Serienfahrten zur Dialyse, Strahlentherapie oder Chemotherapie, [&hellip;]<\/p>\n","protected":false},"author":1,"featured_media":0,"parent":0,"menu_order":0,"comment_status":"closed","ping_status":"closed","template":"","meta":{"footnotes":""},"class_list":["post-2","page","type-page","status-publish","hentry"],"_links":{"self":[{"href":"https:\/\/krankentransport-berlin.org\/index.php?rest_route=\/wp\/v2\/pages\/2","targetHints":{"allow":["GET"]}}],"collection":[{"href":"https:\/\/krankentransport-berlin.org\/index.php?rest_route=\/wp\/v2\/pages"}],"about":[{"href":"https:\/\/krankentransport-berlin.org\/index.php?rest_route=\/wp\/v2\/types\/page"}],"author":[{"embeddable":true,"href":"https:\/\/krankentransport-berlin.org\/index.php?rest_route=\/wp\/v2\/users\/1"}],"replies":[{"embeddable":true,"href":"https:\/\/krankentransport-berlin.org\/index.php?rest_route=%2Fwp%2Fv2%2Fcomments&post=2"}],"version-history":[{"count":51,"href":"https:\/\/krankentransport-berlin.org\/index.php?rest_route=\/wp\/v2\/pages\/2\/revisions"}],"predecessor-version":[{"id":404,"href":"https:\/\/krankentransport-berlin.org\/index.php?rest_route=\/wp\/v2\/pages\/2\/revisions\/404"}],"wp:attachment":[{"href":"https:\/\/krankentransport-berlin.org\/index.php?rest_route=%2Fwp%2Fv2%2Fmedia&parent=2"}],"curies":[{"name":"wp","href":"https:\/\/api.w.org\/{rel}","templated":true}]}}